se 15) to base 8
-5344103
What is 1643605 (base 7) in base 14?
5d875
Convert 1000011010111000010 (base 2) to base 15.
56b3b
Convert 1000010001000110 (base 2) to base 12.
1771a
Convert -53ba6 (base 12) to base 14.
-2c422
What is -253 (base 10) in base 4?
-3331
4bb14 (base 16) to base 4
1023230110
Convert -1510000 (base 6) to base 4.
-111030300
Convert 4c584 (base 14) to base 12.
90748
Convert 1805472 (base 11) to base 8.
13546463
-14014414 (base 6) to base 12
-1a740a
Convert 102201121001 (base 3) to base 13.
81088
What is -62061 (base 12) in base 13?
-4630c
Convert 8e363 (base 16) to base 8.
2161543
What is -588933 (base 15) in base 4?
-100020330210
3b28c3 (base 13) to base 8
5360543
-33044144 (base 9) to base 13
-34031b9
Convert -2276598 (base 10) to base 7.
-25231212
-13101401013 (base 5) to base 2
-111101001100111101101011
What is 12022110120220 (base 3) in base 8?
12613246
What is -1251144 (base 7) in base 15?
-3377c
1385657 (base 9) to base 10
765259
-111001000101110011 (base 2) to base 13
-8258c
d3377a (base 15) to base 3
200212212012121
-214034110 (base 6) to base 9
-7177516
Convert 132140 (base 5) to base 11.
3a84
-1000000001111100100111 (base 2) to base 12
-8562b3
Convert -29c0c9 (base 13) to base 7.
-11502506
What is -70e1f (base 16) in base 13?
-1325b9
What is -657e7 (base 16) in base 14?
-ab703
Convert 10000111100111101101 (base 2) to base 3.
1001020000010
Convert 32221110 (base 5) to base 8.
1025600
2755222 (base 11) to base 14
8b93ad
-341155 (base 9) to base 13
-71c78
255043505 (base 6) to base 3
100101221020212
-2244124 (base 9) to base 2
-100100111011110000011
What is 6b3081 (base 14) in base 5?
1414022430
Convert -33025134 (base 6) to base 5.
-222433011
-106354543 (base 7) to base 9
-13260014
2222120211110 (base 3) to base 10
1586181
-5341147 (base 8) to base 4
-11130021213
Convert -5267432 (base 10) to base 6.
-304522132
What is a3d951 (base 15) in base 4?
131232033301
Convert 28008 (base 10) to base 13.
c996
What is 1010448 (base 11) in base 8?
6641562
Convert 1400000 (base 8) to base 10.
393216
What is 200010011211111 (base 3) in base 6?
542212234
What is -856b70 (base 16) in base 14?
-1238728
Convert 12221120012 (base 4) to base 5.
421223332
What is 201122110 (base 4) in base 6?
2533324
Convert -4033464 (base 7) to base 11.
-2a7a29
Convert aabd34 (base 16) to base 8.
52536464
What is -6048 (base 13) in base 4?
-3032322
Convert -10146300 (base 7) to base 4.
-3100002333
What is -3211031223 (base 4) in base 3?
-1202200212120
-1013210 (base 5) to base 9
-24783
6436513 (base 8) to base 5
420012002
Convert 2032120 (base 6) to base 8.
276620
-7411117 (base 8) to base 14
-3942d1
-355381 (base 9) to base 6
-4330201
What is 1000011110011111000 (base 2) in base 15?
5746c
Convert a59a1 (base 14) to base 6.
12322505
Convert 32314471 (base 8) to base 14.
cc209b
44233432 (base 6) to base 13
375aa9
-4131030 (base 5) to base 10
-67640
Convert 509e4 (base 16) to base 7.
2543501
What is 110120302013 (base 4) in base 16?
518c87
What is -10261425 (base 8) in base 10?
-2188053
-101000110010101000 (base 2) to base 4
-220302220
463824 (base 10) to base 9
776220
Convert -4999 (base 10) to base 12.
-2a87
Convert 1a4e8d (base 16) to base 3.
10020120221112
-10322143 (base 5) to base 8
-255730
Convert -428993 (base 11) to base 16.
-a750d
-93480 (base 16) to base 7
-5061534
What is -5c908 (base 14) in base 16?
-375dc
Convert -1cc0e (base 16) to base 6.
-2305130
What is -11000604 (base 8) in base 7?
-26025355
Convert 262676 (base 11) to base 4.
1210323223
Convert -303637 (base 9) to base 10.
-179854
-320499 (base 11) to base 5
-112404102
4202061 (base 7) to base 3
221122122110
-110100111100010011011 (base 2) to base 11
-a85431
What is 172540 (base 10) in base 2?
101010000111111100
Convert -2600421 (base 10) to base 6.
-131422553
-2357159 (base 10) to base 5
-1100412114
2134421 (base 5) to base 11
25770
Convert -510324010 (base 6) to base 16.
-84d326
Convert -779a3 (base 13) to base 6.
-4352240
What is 54202 (base 9) in base 3?
1211020002
2133211101 (base 5) to base 14
874d8b
Convert 1761380 (base 11) to base 13.
808392
Convert 10503244 (base 6) to base 11.
1a9103
Convert -230514440 (base 6) to base 13.
-b5602c
180a73 (base 11) to base 12
115891
-20d86a (base 16) to base 5
-1022340204
What is -232515 (base 7) in base 16?
-a320
-1b46310 (base 12) to base 9
-11845243
What is -4320213240 (base 5) in base 6?
-524023333
Convert 19512 (base 14) to base 10.
64108
What is -5a1048 (base 11) in base 15?
-13c5b8
324a23 (base 11) to base 13
1522c8
What is 13236670 (base 8) in base 14?
572720
What is 3b74e (base 15) in base 8?
564271
Convert -25351611 (base 7) to base 15.
-30601c
15206016 (base 7) to base 5
332304343
What is 38191 (base 13) in base 10?
103546
-55892 (base 11) to base 16
-13c21
Convert -18a221 (base 11) to base 9.
-484181
-22121011220 (base 3) to base 8
-512454
-3770246 (base 8) to base 14
-1d29b8
111000 (base 16) to base 3
2002210220010
What is -cf6a (base 16) in base 4?
-30331222
Convert 33738 (base 14) to base 10.
124902
-22245 (base 16) to base 6
-2555233
402599 (base 11) to base 14
12bdd9
Convert -1021102112 (base 4) to base 12.
-125872
What is -294771 (base 15) in base 14?
-39b0b2
Convert 17858512 (base 9) to base 8.
42306345
-10066651 (base 7) to base 10
-840337
3526453 (base 7) to base 11
283706
What is 10133100122 (base 4) in base 15?
183952
What is 7795181 (base 10) in base 14?
106cb49
19d38 (base 15) to base 11
58104
-53a735 (base 11) to base 6
-30301033
What is -419b4 (base 12) in base 8?
-250130
What is 13984a (base 11) in base 15?
448ba
Convert 101000001101100001 (base 2) to base 9.
270835
What is 45a0 (base 13) in base 9?
14347
59bd2 (base 14) to base 8
653754
Convert 2533850 (base 9) to base 11.
863373
225007 (base 9) to base 4
200323120
Convert -27b216 (base 12) to base 15.
-d12c0
-1321754 (base 10) to base 9
-2434085
2244441 (base 7) to base 5
32430423
What is 4351011 (base 6) in base 2?
110100111001001111
What is -10c4a3 (base 14) in base 8?
-2134437
Convert -10016640 (base 7) to base 9.
-1502220
Convert 250140223 (base 6) to base 12.
1721673
What is 2997ab (base 13) in base 16?
f933c
What is 123465012 (base 7) in base 3?
112202201200210
What is 1213201123 (base 4) in base 11?
26a63a
Convert 2100112310 (base 4) to base 11.
374271
44979 (base 16) to base 8
1044571
-3553342 (base 6) to base 8
-553376
861357 (base 10) to base 14
185c97
Convert -12202000001 (base 3) to base 5.
-12103441
What is 162654221 (base 7) in base 4?
222023021021
Convert -242543 (base 10) to base 14.
-64567
Convert 4346042 (base 7) to base 10.
532709
Convert -1334700 (base 10) to base 2.
-101000101110110101100
What is 1946048 (base 10) in base 16?
1db1c0
What is -2b915 (base 12) in base 10?
-61793
What is 2020411 (base 5) in base 11?
22552
What is -42465050 (base 7) in base 4?
-31302002312
Convert -46e54 (base 16) to base 8.
-1067124
Convert 10101011101110000001 (base 2) to base 10.
703361
112110020001112 (base 3) to base 5
3431241120
Convert 7dd012 (base 15) to base 16.
5bd26a
What is 97788 (base 10) in base 16?
17dfc
2201022 (base 5) to base 6
450125
Convert 110101101001011101001 (base 2) to base 5.
422223204
10212011012110 (base 3) to base 6
111535103
d75d8c (base 14) to base 13
167a336
556704 (base 11) to base 6
31003505
6080c (base 14) to base 8
705214
What is 64babc (base 13) in base 4?
21002020032
286184 (base 9) to base 14
47b65
-1508b19 (base 12) to base 3
-21222200211110
-133244251 (base 7) to base 9
-17217344
Convert 101443022 (base 5) to base 2.
1100110111100000101
-22231031 (base 5) to base 9
-327477
Convert 1111101100001001 (base 2) to base 9.
107135
Convert 11145 (base 16) to base 7.
410646
-11d71b (base 15) to base 14
-183a96
What is 2241211013 (base 5) in base 13?
106b195
3352542 (base 6) to base 5
20423124
What is -1a4b1b (base 12) in base 13?
-1336a0
267217 (base 12) to base 9
1166311
What is 221333223231 (base 4) in base 6?
1031542233
Convert -1b33945 (base 13) to base 14.
-12a5940
Convert -24455260 (base 8) to base 15.
-719263
What is -10010101010110100000 (base 2) in base 14?
-11cd20
Convert 2018915 (base 10) to base 5.
1004101130
Convert -1284828 (base 10) to base 9.
-2367406
-2cd31 (base 14) to base 6
-2224051
What is -201143330 (base 